 Let i = -8 - w. What is g(i)?
1
Let k(u) = 4*u + 9 - u - u. Give k(-6).
-3
Let j be ((-18)/(-21))/(3/(-21)). Let d(f) = -f + 2. Determine d(j).
8
Let m = 13 + -9. Let j(s) = 3 - m + s - 8. Give j(6).
-3
Let c(n) = n - 365 + 184 + 180. Let d be -1 - (-1 - (1 - 2)). What is c(d)?
-2
Suppose -n - 26 = -5*z + n, -2*n = z - 10. Let o(r) = r + 3. Determine o(z).
9
Let c(l) = 1 + 1079*l**2 - 3*l - 1078*l**2 + 1 - 6. What is c(6)?
14
Let q(o) be the second derivative of o**3/6 + o**2 - 6*o. What is q(-2)?
0
Let v(l) = 4 + 27*l - 26*l + 4. Give v(-6).
2
Suppose 5*s + 21 = 6. Let i(j) be the second derivative of j**5/20 + j**4/4 - j**3/3 - j**2/2 - j. Determine i(s).
5
Let s(f) = f**2. Let u(h) = -6*h**2 - 5*h - 2. Let q(y) = 5*s(y) + u(y). Suppose -n + 10 = 4*m, 8*n - 3*m = 3*n + 4. Suppose 0*b - n*b - 10 = 0. Give q(b).
-2
Let f(g) = -g - 5. Suppose -6 = -4*c - 22. Let t be c/(-6) - (-22)/(-6). Let y = t + 7. Give f(y).
-9
Suppose 4*w + 13 = -i, 3*i - 3*w = -7*w - 7. Suppose 4*s = i + 5. Let r(l) = -6 + l + 4 - s. Calculate r(-3).
-7
Let n = -6 - -4. Let x(r) = 7*r - 5. Let w(v) = -3*v + 2. Suppose s = -0*s - 15. Let c(i) = s*w(i) - 6*x(i). Determine c(n).
-6
Suppose 16*v + 4 = 14*v. Let b(o) = 6*o**2 - o. What is b(v)?
26
Let w(d) = d**3 - 10*d**2 + 9*d - 5. Let n = 12 + -3. Calculate w(n).
-5
Let m be 4*4/(-32)*(-6 + 2). Let l(x) = -x + 2. Calculate l(m).
0
Suppose 0 = -5*m - 8*r + 3*r + 25, -3*m + 2*r = 0. Let d(a) = -2*a**3 + 6 + 0 - 4*a + 3*a**3 - 4*a**m - 11. Calculate d(5).
0
Let n be (-5)/2 - 2/4. Let x(q) = 2 - 4 - 4*q - 1 - 3*q**2 - q**3. Calculate x(n).
9
Let h(s) = -s**3 - 3*s**2 + 8*s + 7. Let y = 24 - 29. Calculate h(y).
17
Let y be 2 + -2 - (0 + 5 + -8). Let l(k) = k**2 - k - 1. Calculate l(y).
5
Let f(k) = -k**3 - k**2 + 2. Let i be 9/(-12) - 2/8 - -1. Calculate f(i).
2
Let x(r) = 7*r + 5 - 12 + 2 + 4. Determine x(-1).
-8
Let r(i) be the third derivative of -i**6/120 + i**5/60 - i**4/24 - i**3/6 + 4*i**2. Give r(0).
-1
Let g(n) = n**3 - 3*n**2 + n + 4. Let a be (-3)/(3*2/(-6)). Calculate g(a).
7
Let n(c) be the third derivative of -c**4/6 + c**3/2 - 2*c**2. Let w = 6 + -4. What is n(w)?
-5
Let u(d) = 3*d**3 - 23*d**2 + 20*d + 8. Let j(b) = -2*b**3 + 15*b**2 - 13*b - 5. Let t(h) = 8*j(h) + 5*u(h). Give t(4).
0
Let f = 23 - 16. Suppose -22 = 5*l - f. Let q(u) = u**2 + u - 4. Determine q(l).
2
Let y(g) = g - 1. Let k(s) = 2*s - 3. Let h(n) = -4*k(n) + 10*y(n). Let r be 3/(-4) + 18/(-8). Calculate h(r).
-4
Let b(d) = d - 7. Suppose -24 - 8 = 4*q. Let s = -1 - q. Let i be 182/49 - (-2)/s. What is b(i)?
-3
Let g be 173/5 - (-27)/(-45). Suppose 0 = 5*s + g - 14. Let a(t) = t**2 + 3*t + 1. Give a(s).
5
Let b(g) = g**2 - 6*g - 2. Suppose -4*t + 24 = -0*t. What is b(t)?
-2
Let c(n) = 3 + 3*n**2 - 3*n - 3*n - n**2. Let w(h) = h**2 - 6*h + 2. Let p be 144/66 + (-2)/11. Let t(y) = p*c(y) - 3*w(y). What is t(-3)?
-9
Let q(f) = -f**3 + 3*f**2 - f - 2. Suppose w - 8 = -3*w. What is q(w)?
0
Suppose -178*h + 200*h + 66 = 0. Let a(i) = 4*i - 11. Let z(p) = p - 3. Let t be 3*7 - (1 - 2). Let j(s) = t*z(s) - 6*a(s). What is j(h)?
6
Let r(i) be the first derivative of -3*i**2 + i + 4. Calculate r(-2).
13
Let t(z) = -z**3 + 4*z**2 + 5*z + 5. Let f be t(5). Let j(r) = -f*r**2 + 2*r - 6 + r - r**3 + 3*r. Calculate j(-6).
-6
Let o(u) be the second derivative of u**3/3 + 5*u**2/2 + 2*u. Let q = -14 - -8. What is o(q)?
-7
Let z(x) = -3 - 1 + 17*x**2 + 4*x - 18*x**2. Give z(3).
-1
Let z be -5*((3 + -1 - 2) + -1). Let o(g) be the third derivative of 0 + 1/12*g**4 + 1/60*g**z + 0*g - 2*g**2 + 1/6*g**3. Give o(-2).
1
Let z(t) be the third derivative of -t**5/60 - t**4/6 + t**3/6 - t**2. Give z(-3).
4
Let a(d) = -d**2 - 5*d - 1. Let x be a(-3). Let n(y) = -y**2 + 4*y + 5. What is n(x)?
0
Let r(g) = g - 7. Let o(t) = 3*t**3 + 2*t - 1. Let m be o(1). Let s(l) = 2*l - 5. Let h be s(m). Calculate r(h).
-4
Let d(u) = -2*u - 10. Let i be d(-6). Suppose o = 4 - 2. Let s(k) = 2*k**3 + 2 + o*k + 0*k - k**3 - 2*k**2. Calculate s(i).
6
Let a(p) = 12*p - 1 - 2 - 4 - 14*p. What is a(-6)?
5
Suppose -2*y = 2*r, -45 = -5*r - 0*r + 4*y. Let q(v) = v**2 + 7*v - 2. Let d(h) = -6*h**2 - 36*h + 9. Let c(o) = -2*d(o) - 11*q(o). What is c(r)?
4
Let h(s) = -s**2 - s - 5. Suppose 0*b = -3*b - 4*d - 16, -5*d - 20 = 4*b. What is h(b)?
-5
Let m(a) = a - 3. Let h = -1 - -5. Let u be m(h). Let z(g) = -4*g**3 - 2*g**2 + g. Determine z(u).
-5
Let b(d) = 5*d**2 - 6*d + 3. Let p(t) = -6*t**2 + 7*t - 4. Let h(x) = 5*b(x) + 4*p(x). Give h(-3).
14
Let f be (-1 + 0)/2*0. Let z(k) = 4*k**3 - 6*k - 16. Let g(m) = 5*m**3 - 7*m - 17. Let i(b) = -5*g(b) + 6*z(b). What is i(f)?
-11
Let c(o) be the third derivative of -o**5/60 + 5*o**4/24 + o**3/3 - 12*o**2. What is c(5)?
2
Let t(h) be the first derivative of 2 - 3/2*h**2 + 2*h. Let n = 37 - 39. What is t(n)?
8
Let w(x) = -2 - 2 - 2*x - x**2 + 3*x. Let m be w(0). Let s(p) = 5*p - 5*p - p. Calculate s(m).
4
Let s(o) = o**3 - 3*o**2 - 2. Let c(d) = d**3 - 3*d**2 + 2*d - 1. Let l be c(4). Suppose l = 3*w - 7. Suppose 0 = -5*u - 0*u + w. Determine s(u).
-6
Let m be (-1)/2 - (-15)/6. Suppose -m*s = 2*s + 12. Let k(u) = -3*u - 1. What is k(s)?
8
Let y(l) = -l**2 - 6*l - 6. Suppose 4*u + 18 - 6 = -4*h, 2*u + 16 = -4*h. What is y(h)?
-1
Let b be (-4 - -5) + 2 + 1 + 4. Let o(l) = -l**3 + 7*l**2 + 6*l + 9. What is o(b)?
-7
Let o(f) = 2*f + 4. Let v(x) = -4*x. Let z(r) = -r. Let u(i) = 2*v(i) - 7*z(i). Let w(l) = o(l) + u(l). Suppose -6*p - 25 = -p. Determine w(p).
-1
Let y(o) = 2*o**2 + o - 2. Let u(h) = h**3 + h**2 - 2*h - 3. Let b be u(-2). Give y(b).
13
Let u(s) be the third derivative of s**9/60480 - s**8/5040 + s**7/5040 + s**6/180 + s**5/15 - 3*s**2. Let d(p) be the third derivative of u(p). Give d(4).
8
Let n(r) = -r**3. Let d(k) = 4*k**3 + 10*k**2 + 4. Let v(t) = d(t) + 5*n(t). Calculate v(10).
4
Let a(k) = -3*k**2 - k**3 - k**2 + 2*k**2 + 2 + 5*k. Suppose 3*i = 4*w + 8, -6*i + 2*i - 5*w - 41 = 0. Determine a(i).
14
Suppose 4*i = 6 + 6. Suppose -2*y + 1 - 3 = 3*d, -3*y - i = -4*d. Suppose d = 3*c - 3*t - 9, -4*t - 6 = -2*c + t. Let o(f) = -f - 1. Calculate o(c).
-4
Let o(a) = a**3 - 6*a**2 + 4*a - 2. Let m(v) = -v - 6. Let l be m(-11). Suppose 5*g + 6 = -2*f - 4, 5*f = l*g + 45. Calculate o(f).
-7
Let g(h) = -h**3 + 3*h**2 + h + 5. Let t be (3/(-3))/((-1)/9). Let s = t - 5. Suppose 4*l = 3*m - 20, 5*l - s*l = 3*m - 14. Give g(m).
-7
Let w(x) = 3*x**2 - 24 + 5*x + 20 + 2*x**2 - 3*x**2. What is w(-4)?
8
Let v(y) = 5*y**2 + 4*y - 1. Let l(r) = 3*r**2 + 2*r. Let i(p) = -7*l(p) + 4*v(p). Give i(4).
-12
Suppose 1 + 9 = 2*k. Suppose 3*n - k*n + 4 = 0. Let m(x) = x**2 - x + 2. Calculate m(n).
4
Let a(c) = c**3 + c**2 - c. Let q(r) = 3*r**3 + 8*r**2 + r - 6. Let s(b) = 2*a(b) - q(b). Suppose -19 = 3*f + 2*d, -d = 3*d + 8. Determine s(f).
-4
Let q be ((-4)/(-12))/(2/24) + 0. Suppose 2*g - 4*g = -10. Let z(o) = 0*o**2 - o**2 + 2 - 1 + g*o. Determine z(q).
5
Let h(t) be the second derivative of t**5/20 + t**2/2 - 8*t. Give h(-1).
0
Let j(t) be the third derivative of 3*t**2 + 1/30*t**5 + 0 + 0*t - 1/120*t**6 + 1/3*t**3 - 1/8*t**4. Give j(2).
-4
Let b(i) = -12*i - 14. Let n(x) = -4*x + 6 - 7 + 3*x. Let p(z) = -2*b(z) + 28*n(z). Determine p(-2).
8
Let d(h) = h**2 - 2 + 2. Let l(o) = -2*o**2 - 4*o - 4. Let b(p) = 3*d(p) + l(p). Suppose w + w - 5*q - 23 = 0, -3*w + 5*q + 27 = 0. What is b(w)?
-4
Suppose -4*a - 4 = -5*q, -q - 5*a + 12 = -3*q. Let t(u) = u**2 - 6*u + 6. Give t(q).
-2
Let t(r) be the second derivative of -1/12*r**4 + 0 + 2/3*r**3 + 2*r - 5/2*r**2. What is t(4)?
-5
Let c(i) = -i**2 - 5*i + 2. Let s(t) = t. Let r(x) = -c(x) - 6*s(x). Determine r(3).
4
Let h(p) be the second derivative of 1/6*p**3 + 0 - 1/60*p**5 - 1/2*p**2 - 1/12*p**4 + p. Let o(d) be the first derivative of h(d). Calculate o(-3).
-2
Let j be (-1 - 0)*3*-2. Let u(h) = -3*h**2 - 4 - h + j*h**2 - h**3 + 5*h. Suppose -20 = 4*w - 9*w. Give u(w).
-4
Let q(u) = 2*u - 7. Let n(g) = g + 17. Let l be n(-5). Let s(r) = -r**3 + r**2 + r. Let j be s(0). Suppose -f - f + l = j. What is q(f)?
5
Suppose -5*d + 50 = 5*j, -4*j + 2*d - 6 + 58 = 0. Let k(r) = -21*r + j*r - r**3 + 7*r + 0*r**2 - 6 - 6*r**2. What is k(-6)?
6
Let m(q) = -q**2 - 5*q + 4. Let s be m(-5). Let f(v) = -s*v + 0*v + 2 + 5*v. Calculate f(0).